 15*d**2 - 3*d - 5 - 13*d**2. What is the hundreds digit of q(-2)?
2
Let n(b) = 2610*b**2 + 45*b + 93. What is the hundreds digit of n(4)?
0
Suppose 7*d + 453 = 1951. What is the tens digit of d?
1
Suppose 4*v + 2*o - 69004 = 0, 51733 = -4297*v + 4300*v + 4*o. What is the units digit of v?
5
Let c(d) = 9*d**2 + 538*d - 140. What is the units digit of c(-74)?
2
Let s be (-6 + 0 - -4)/(2/(-5)). Suppose 0 = 2*q - j, -j = -5*q + 2 - s. What is the tens digit of 106/(-8)*(q + -1 + -2)?
5
Suppose -3*d - 32692 = -2*k + d, -4*k + 3*d + 65409 = 0. What is the thousands digit of k?
6
Let n(s) = -453*s + 5538. What is the tens digit of n(-54)?
0
Let q(l) = 9*l**3 - l**2 + 2*l - 2. Suppose 3*f = 2*w - 11, 0*w = -5*w + 5*f + 20. Let g be -2 + w - 4*15/(-20). What is the tens digit of q(g)?
7
What is the hundreds digit of ((-137291)/154)/((-3)/102)?
3
Suppose -9*c + 3*c = 0. Suppose -i + 2*w - 1 = -11, -2*w + 2 = c. What is the tens digit of i?
1
Let x be (3 + 62240/(-15))*(-2 - 7). What is the thousands digit of 23/230 - (-1 - x/30)?
1
Suppose -25*i = -9951 - 1399. Suppose 3*u + 2*d - 668 = 0, 19*u + i = 21*u - 3*d. What is the tens digit of u?
2
What is the hundreds digit of (-272)/6*(-317349)/444?
4
Let m = 31798 + -12474. What is the hundreds digit of m?
3
Let k(d) be the first derivative of 2*d**3/3 - 27*d**2/2 - 104*d + 79. What is the tens digit of k(23)?
3
Let v(f) = 357*f + 4 - 1002*f + 431*f - 1205*f. Let x be v(-2). Suppose 4*k + x = 18*k. What is the units digit of k?
3
Let i = 78306 - 35895. What is the tens digit of i?
1
Suppose -3*a - 3*s = -95217, a + 5*s - 19431 = 12312. What is the hundreds digit of a?
7
Let q(n) = 39*n + 24. Let p be q(-5). What is the units digit of 514/3 - 114/p?
2
Suppose -5*o + 30 = 5*z, -4*z - z + 6 = o. Suppose -2076 = -o*m - 18. What is the hundreds digit of m?
3
Suppose 19 = 8*c + 3. Suppose 2*y = -4*l - c*y - 12, 2*y + 3 = -5*l. What is the tens digit of l - 3/5 - (-488)/5?
9
Let j(z) = z**2 + 11*z - 5. Let i be j(7). Suppose 0 = -2*k - 2, -l = -5*k + 4*k + 70. Let t = l + i. What is the tens digit of t?
5
Suppose -5*f - 2602 = p, 14*f = 11*f + 5*p - 1578. Let a = f + 1172. What is the hundreds digit of a?
6
Let m(p) = -p**2 - p - 5. Let o be m(-6). Let f = 55 + o. Suppose 3*z + 247 = 4*l, 53 + f = l - 3*z. What is the tens digit of l?
5
Suppose i - 19456 = -2*a - 277, -5*a + 47930 = -i. What is the thousands digit of a?
9
Suppose -14*d = -18*d + 48. Suppose -2 = -4*n + 3*p, -4*n + p = 3*p - d. Suppose -3*v - w + 79 = 0, n*v + 4*w = 3 + 63. What is the units digit of v?
5
Let b be 0/4 - -2 - -10 - 3. Suppose 11*t = 53 - b. What is the hundreds digit of (t - (-4 + 8)) + 168?
1
Let c be (16/4)/(-8)*-252. Suppose 5*v - 4*k = c - 46, k = 5*v - 65. What is the units digit of 3 + 137 + v/4?
3
Suppose 2*f + g = 1256, -5*g - 10 = -0*g. Let j = f - 311. What is the tens digit of j?
1
Suppose 0*y + 13*y = -33566. What is the hundreds digit of (-11 - -13)*y/(-4)?
2
What is the units digit of (-6)/42 + -32*(-8646)/28?
1
Let w be (0/((-48)/(-8)))/5. Suppose -31*g - 5227 + 26617 = w. What is the tens digit of g?
9
Suppose -39*n - 6*n = -2*n - 416025. What is the hundreds digit of n?
6
Let r(a) = 31*a + 13. Suppose 2*s - 2*j = 20, -5*j - 12 = -s + 2. Let k be r(s). Suppose y = -y - 4*i + 128, -4*i - k = -4*y. What is the units digit of y?
0
Suppose -17*c - 66157 + 284284 = 0. What is the tens digit of c?
3
Suppose -2894 = -0*c - 4*c + 2*h, -4*c + 2876 = 4*h. Let b = c - 121. What is the units digit of b?
1
Let w be 7*1 - 32/(-8). Let a(s) = 3*s**2 + 33*s - 4. What is the tens digit of a(w)?
2
Let y(j) = j + 10. Suppose 2*k + 18 - 8 = 0. Let l be y(k). Suppose -w = -4*w + 3, w - 766 = -l*t. What is the units digit of t?
3
Let y = -1418 - -2243. What is the units digit of y?
5
Let h = 96 + -94. Suppose -4*t - h*t + 582 = 0. What is the tens digit of t?
9
Suppose -14*r + 30742 + 119590 = 0. What is the thousands digit of r?
0
Suppose 12*h - 42 = -9*h. What is the tens digit of -5*(h*1)/((-32)/208)?
6
Let v be 42/(-9) - ((-20)/12 + 2). Let t(p) = -24*p + 12. What is the tens digit of t(v)?
3
Let o be (16/(-6))/((-8)/48). Let g(a) = 10*a. Let l(q) = 9*q. Let m(t) = -5*g(t) + 6*l(t). What is the tens digit of m(o)?
6
Suppose -7*h = -4*q - 12*h - 64, -q + h - 25 = 0. What is the tens digit of q/14*(-1936)/12?
4
Let t(h) = -h**3 - 7*h**2 + h - 3. Let v = -52 + 55. Let o be t(v). What is the units digit of 6*(119/9 - (-20)/o)?
8
Suppose 3*g - 7*g - 7 = -h, -4 = -4*h + 4*g. Let w(s) be the first derivative of 25*s**3 + s + 15. What is the units digit of w(h)?
6
Let t(m) = -m**2 - 7*m + 110. Let i be t(8). Let r(z) = -6*z + 11. Let o(l) = 11*l - 21. Let u(a) = 3*o(a) + 7*r(a). What is the tens digit of u(i)?
0
Let f = -5065 - -21342. What is the tens digit of f?
7
Let t = -89 - -93. Suppose -t*s + 141 + 1335 = 0. What is the hundreds digit of s?
3
Let u be (11/(22/4) - -278) + -6. Let f = u - -149. What is the units digit of f?
3
Let o be (-16)/(-48) - (-3)/(27/4803). Suppose 0 = -2*g - 5*i + o, -3*i - 1027 = -4*g + 41. What is the hundreds digit of g?
2
Let o = 307 - 75. Let j = 48 + o. What is the tens digit of j?
8
Let b = 479 - -450. Let v = -555 + b. What is the hundreds digit of v?
3
Let m(a) = 5*a**3 + 172*a**2 + 65*a + 17. What is the thousands digit of m(-25)?
7
Let b be -2*195/(-24)*(-15 + 19). Let c = 164 + -100. Suppose -c*p = -b*p + 118. What is the hundreds digit of p?
1
Let n(b) = 465*b - 1903. What is the tens digit of n(5)?
2
Let s be (1 - 0)*(4 - 9). Let p(k) = -17*k - 9. Let v(l) = -18*l - 9. Let n(w) = -3*p(w) + 4*v(w). What is the units digit of n(s)?
6
What is the thousands digit of (-3712)/(-48)*(-2121)/(-28)?
5
Let x = -543 + 920. Suppose 6*l = -x + 65. Let v = l + 134. What is the tens digit of v?
8
Suppose 4778 - 23270 = -3*u. What is the units digit of u?
4
Let m(g) = -3*g**2 - 1 + 18*g**2 + 10 + 22*g - 12*g**2. What is the units digit of m(-7)?
2
Let m = -51 + 54. What is the tens digit of 188*(m/(-9))/((-4)/42)?
5
Let b = -91 - -92. Let h be (34/119)/(b/14). Suppose 6*o - 398 = h*o. What is the units digit of o?
9
Let u = 23 + -38. Let j(f) = 3*f**2 + 10*f + 11. Let y(i) = -7*i**2 - 19*i - 22. Let d(z) = 5*j(z) + 2*y(z). What is the tens digit of d(u)?
5
Let p = 13 - 10. Suppose -p*i + 19 = 2*f, 4*f - 23 - 5 = -4*i. Let k(u) = 13*u**2 - 4*u - 2. What is the units digit of k(f)?
2
What is the hundreds digit of 2/4*2*(-39466)/(-12 + 5)?
6
Suppose 86*l = 100*l - 1190. What is the hundreds digit of 216 + (1/3 - l/(-51))?
2
Let n = -93 - -94. Let r(x) = 169*x**2 + 5*x - 6. What is the hundreds digit of r(n)?
1
Let p = 76537 - 28231. What is the units digit of p?
6
Let v(y) = -y**3 - 3*y**2 + 2*y + 9. Suppose 0 = -o - 2*o - 12. Let h be v(o). Let g(s) = -s**3 + 20*s**2 - 36*s + 21. What is the tens digit of g(h)?
7
What is the ten thousands digit of (-17)/(-51)*(30455 - 2) + 6?
1
Suppose 177*g = 176*g + 3933. Let w = g + -1934. What is the thousands digit of w?
1
Let y be (-4)/(-18) - ((-180600)/54)/7. Let i = 28 - 16. Suppose -i*q = -y - 326. What is the tens digit of q?
6
Suppose z - 13 + 6 = -3*g, 0 = -4*z + g + 80. Let u = z - -290. What is the hundreds digit of u?
3
Let s = 7353 - 3934. What is the hundreds digit of s?
4
Let p = -23042 + 52023. What is the ten thousands digit of p?
2
What is the hundreds digit of (-3)/((-99)/53292) + (-2)/(-22)?
6
Suppose 5*b - 2*h = -572, 3*h - 1 = 2*b + 230. Let i = 117 + b. What is the units digit of 62/(-93) + 821/i?
3
Let d = -4382 - -7429. What is the units digit of d?
7
Let c = 324 + -210. Suppose i + 4*u = c, 3*i + 2*u = 7*i - 402. What is the hundreds digit of i?
1
Let r(l) = 3*l**2 - 9*l + 6. Let o be r(-7). Suppose 0 = -222*g + o*g + 3114. What is the hundreds digit of g?
5
Let h(k) = 75*k**2 + 86*k - 3662. What is the units digit of h(29)?
7
Suppose 5*h - 3*h = -3*m - 108, m - 4 = 0. What is the units digit of 170/4*(-624)/h?
2
What is the hundreds digit of 6/(1 + 8582/(-8666))?
6
Suppose 3*f = -k - 1, 20*k = 18*k - 3*f + 4. Let m(r) = -r**2 + 8*r + 1. Let a be m(6). Suppose k*b = a*b - 1216. What is the units digit of b?
2
Suppose -a + 541 = 3*f + 2*f, 2*a + 2*f - 1114 = 0. Suppose 12*w = 17*w - 10. Suppose w*y - l = 407, -2*l - 47 - a = -3*y. What is the tens